{"id":5580,"date":"2024-06-12T16:52:35","date_gmt":"2024-06-12T19:52:35","guid":{"rendered":"https:\/\/nykids.com.br\/?post_type=product&#038;p=5580"},"modified":"2024-06-12T16:57:05","modified_gmt":"2024-06-12T19:57:05","slug":"manta-rosa-trico-ref-321201","status":"publish","type":"product","link":"https:\/\/nykids.com.br\/index.php\/produto\/manta-rosa-trico-ref-321201\/","title":{"rendered":"Manta Rosa Tric\u00f4  Ref. 321201"},"content":{"rendered":"<p><span class=\"fontstyle0\">Tam: <\/span><span class=\"fontstyle2\">78cm x 78cm <\/span><\/p>\n<p><span class=\"fontstyle0\">Composi\u00e7\u00e3o: T<\/span><span class=\"fontstyle2\">ric\u00f4 100% Acr\u00edlico<\/span><\/p>\n<p><span class=\"fontstyle0\">Embalagem: <\/span><span class=\"fontstyle2\">Saco Pl\u00e1stico<\/span><\/p>\n","protected":false},"excerpt":{"rendered":"<p>Tam: 78cm x 78cm Composi\u00e7\u00e3o: Tric\u00f4 100% Acr\u00edlico Embalagem: Saco Pl\u00e1stico<\/p>\n","protected":false},"featured_media":5581,"comment_status":"open","ping_status":"closed","template":"","meta":{"_monsterinsights_skip_tracking":false,"_monsterinsights_sitenote_active":false,"_monsterinsights_sitenote_note":"","_monsterinsights_sitenote_category":0},"product_brand":[],"product_cat":[288,15],"product_tag":[],"class_list":{"0":"post-5580","1":"product","2":"type-product","3":"status-publish","4":"has-post-thumbnail","6":"product_cat-manta","7":"product_cat-ny-kids","9":"first","10":"instock","11":"sale","12":"shipping-taxable","13":"purchasable","14":"product-type-simple"},"aioseo_notices":[],"_links":{"self":[{"href":"https:\/\/nykids.com.br\/index.php\/wp-json\/wp\/v2\/product\/5580","targetHints":{"allow":["GET"]}}],"collection":[{"href":"https:\/\/nykids.com.br\/index.php\/wp-json\/wp\/v2\/product"}],"about":[{"href":"https:\/\/nykids.com.br\/index.php\/wp-json\/wp\/v2\/types\/product"}],"replies":[{"embeddable":true,"href":"https:\/\/nykids.com.br\/index.php\/wp-json\/wp\/v2\/comments?post=5580"}],"wp:featuredmedia":[{"embeddable":true,"href":"https:\/\/nykids.com.br\/index.php\/wp-json\/wp\/v2\/media\/5581"}],"wp:attachment":[{"href":"https:\/\/nykids.com.br\/index.php\/wp-json\/wp\/v2\/media?parent=5580"}],"wp:term":[{"taxonomy":"product_brand","embeddable":true,"href":"https:\/\/nykids.com.br\/index.php\/wp-json\/wp\/v2\/product_brand?post=5580"},{"taxonomy":"product_cat","embeddable":true,"href":"https:\/\/nykids.com.br\/index.php\/wp-json\/wp\/v2\/product_cat?post=5580"},{"taxonomy":"product_tag","embeddable":true,"href":"https:\/\/nykids.com.br\/index.php\/wp-json\/wp\/v2\/product_tag?post=5580"}],"curies":[{"name":"wp","href":"https:\/\/api.w.org\/{rel}","templated":true}]}}