{"id":5391,"date":"2023-11-25T13:41:04","date_gmt":"2023-11-25T16:41:04","guid":{"rendered":"https:\/\/nykids.com.br\/?post_type=product&#038;p=5391"},"modified":"2023-11-25T14:49:49","modified_gmt":"2023-11-25T17:49:49","slug":"body-manga-longa-unissex-verde","status":"publish","type":"product","link":"https:\/\/nykids.com.br\/index.php\/produto\/body-manga-longa-unissex-verde\/","title":{"rendered":"Body Manga Longa Unissex Verde"},"content":{"rendered":"<ul>\n<li>O body suedine possui a golinha americana com um corte especial na altura dos ombros, feita para melhor vestir na hora de passar na cabe\u00e7a do beb\u00ea. Bot\u00f5es de press\u00e3o dentro das perninhas, facilitando na hora de trocar.<\/li>\n<\/ul>\n","protected":false},"excerpt":{"rendered":"<p>O body suedine possui a golinha americana com um corte especial na altura dos ombros, feita para melhor vestir na hora de passar na cabe\u00e7a do beb\u00ea. Bot\u00f5es de press\u00e3o dentro das perninhas, facilitando na&hellip;<\/p>\n","protected":false},"featured_media":5392,"comment_status":"open","ping_status":"closed","template":"","meta":{"_monsterinsights_skip_tracking":false,"_monsterinsights_sitenote_active":false,"_monsterinsights_sitenote_note":"","_monsterinsights_sitenote_category":0},"product_brand":[],"product_cat":[15],"product_tag":[],"class_list":{"0":"post-5391","1":"product","2":"type-product","3":"status-publish","4":"has-post-thumbnail","6":"product_cat-ny-kids","7":"pa_tamanho-g","8":"pa_tamanho-m","9":"pa_tamanho-p","11":"first","12":"instock","13":"sale","14":"shipping-taxable","15":"purchasable","16":"product-type-variable"},"aioseo_notices":[],"_links":{"self":[{"href":"https:\/\/nykids.com.br\/index.php\/wp-json\/wp\/v2\/product\/5391","targetHints":{"allow":["GET"]}}],"collection":[{"href":"https:\/\/nykids.com.br\/index.php\/wp-json\/wp\/v2\/product"}],"about":[{"href":"https:\/\/nykids.com.br\/index.php\/wp-json\/wp\/v2\/types\/product"}],"replies":[{"embeddable":true,"href":"https:\/\/nykids.com.br\/index.php\/wp-json\/wp\/v2\/comments?post=5391"}],"wp:featuredmedia":[{"embeddable":true,"href":"https:\/\/nykids.com.br\/index.php\/wp-json\/wp\/v2\/media\/5392"}],"wp:attachment":[{"href":"https:\/\/nykids.com.br\/index.php\/wp-json\/wp\/v2\/media?parent=5391"}],"wp:term":[{"taxonomy":"product_brand","embeddable":true,"href":"https:\/\/nykids.com.br\/index.php\/wp-json\/wp\/v2\/product_brand?post=5391"},{"taxonomy":"product_cat","embeddable":true,"href":"https:\/\/nykids.com.br\/index.php\/wp-json\/wp\/v2\/product_cat?post=5391"},{"taxonomy":"product_tag","embeddable":true,"href":"https:\/\/nykids.com.br\/index.php\/wp-json\/wp\/v2\/product_tag?post=5391"}],"curies":[{"name":"wp","href":"https:\/\/api.w.org\/{rel}","templated":true}]}}